s the tens digit of t?
1
Let y = 478 + -330. What is the units digit of y?
8
Let n = -35 - -68. What is the tens digit of n?
3
Let k be (-1)/(1*(-2)/6). Suppose 0 = -k*f + 2*c + 12, -2*f - c + 5 = 2*f. Suppose 5*w - f = p, 0 = -4*p - w - 15 + 70. What is the units digit of p?
3
Suppose -4*c + 3 = -3*l, -3*l - 2*c - 2 = -l. Let p be (-15)/(-2*1 - l). Suppose -5*a + 0*a - 2*k + p = 0, 5*k - 25 = 0. What is the units digit of a?
1
Let z be 108/16 + (-1)/(-4). Suppose r + 3 = 2*r. What is the units digit of z + 3/(r/(-2))?
5
Suppose 4*f = -a - f + 10, -a + 6 = 3*f. Suppose 5*c - 17 - 53 = a. Let y = c + -9. What is the units digit of y?
5
Suppose -3*d + 5*w + 4 = -6, d - w = 2. Let s = -3 + 6. Suppose d*x = -x + s. What is the units digit of x?
3
Let t(u) = u**2 - 7*u - 7. Let p(d) = 2*d**2 - 13*d - 13. Let g(k) = -6*p(k) + 11*t(k). Let v be 12/(-78) + (-8)/(-52). What is the units digit of g(v)?
1
Let g(i) = -27*i**3 - 2*i**2 + 1. What is the tens digit of g(-1)?
2
Let b(g) = 4*g**3 - 10*g**2 + 3*g + 1. Let h(z) = -5*z**3 + 11*z**2 - 2*z - 2. Let k(r) = -4*b(r) - 3*h(r). What is the tens digit of k(4)?
2
Let r = -35 - -121. What is the units digit of r?
6
Let u(g) = 7*g - 14. What is the tens digit of u(8)?
4
Suppose 0*r + 56 = -2*r. Let t be 8/r + 388/(-14). What is the units digit of (-8)/t + 94/14?
7
Let b(z) = 5*z**3 - z**2 - z. Let x be b(-1). Let v = 6 - x. What is the tens digit of v?
1
Suppose 160 = 10*x - 50. What is the tens digit of x?
2
Let c be -28 + 2/6*0. Let t = c + 49. What is the tens digit of t?
2
Suppose 1 = -4*q + 13. Let m(j) = 9*j + 1. Let x(z) = 8*z + 1. Let k(a) = -6*m(a) + 7*x(a). What is the units digit of k(q)?
7
Let l be (0 - (-3)/6)*40. Suppose 0 = 3*p + 2*p - l. What is the units digit of p?
4
Let d be (-28)/21*9/(-2). Suppose -d*x + 5*x = -19. What is the units digit of x?
9
Let s(o) = 9*o - 5 - o**3 - 9*o**2 + 2*o**3 + 2. Suppose 0 + 8 = c. What is the units digit of s(c)?
5
Let u(z) = 1 - 3 + z + 0. Let v be u(6). Let j = 2 + v. What is the units digit of j?
6
Let s(k) = -k**2 + k + 1. Let w(y) = -y**2 + 10*y + 10. Suppose 0 = 2*t - 2*a, -3 = -5*t + 4*a - 2. Let v(q) = t*w(q) - 2*s(q). What is the tens digit of v(-9)?
1
What is the units digit of (490/4)/7*2?
5
Let c(q) = 5*q - 2. Let a(l) = -2*l - 7. Let k be a(-5). What is the tens digit of c(k)?
1
What is the tens digit of (3 - 1956/(-16)) + (-3)/(-4)?
2
Let f(d) = d**3 - 5*d**2 + 5*d - 1. Let v be f(4). Suppose 5*y - u = 68, -3*u + 20 = -2*y + v*y. What is the units digit of y?
4
Let s = -4 - -6. Let t(u) = s + 8 + u - 2*u. What is the units digit of t(8)?
2
Suppose 5*k - 75 = -4*o + 5*o, 0 = 2*k - 3*o - 30. What is the tens digit of k?
1
Let n = 1042 + -602. What is the tens digit of n?
4
Let y(m) = -m**2 - 12*m - 3. What is the tens digit of y(-10)?
1
Let d(b) = -5*b + 4. What is the tens digit of d(-14)?
7
Suppose 0*o - 2*o = -94. What is the tens digit of o?
4
Suppose -2*k = -5*f + 21, 0 = -2*k - 0*f + f - 1. Suppose l = y, k*l + 2*l = -y. Suppose l = 2*q + q - 30. What is the units digit of q?
0
Suppose 7 = -4*q - 5, -2*i + 3*q = -51. What is the units digit of i?
1
Suppose 0 = 4*r - 8, -3*r = -3*l + 291 - 105. Suppose 0*h - 2*h + 4*b = -l, b = 3*h - 81. What is the units digit of h?
6
What is the tens digit of 57/(12/4)*1?
1
Let k(x) = 2*x + 8. Let c = -5 - -11. What is the units digit of k(c)?
0
Let k = -305 + 480. What is the tens digit of k?
7
Suppose 0*v + v + 5 = l, -6 = 3*l. What is the units digit of 33/1 - (-7)/v?
2
Suppose -2*h + 8 = -0*h. Suppose -4*y = -4 - h. Suppose y*n = -2*n + 32. What is the units digit of n?
8
Suppose 0*t + 8 = 4*t. Let d = t - -7. What is the units digit of d?
9
Suppose 4*h = -4*y - 128, -2*h = 5*y + 25 + 51. Let c = -20 - h. What is the units digit of c?
8
Let t be 24/8*(-4)/(-3). Suppose c = -t*c + 20. What is the units digit of c?
4
Let p = -2 + 14. Suppose 0 = 23*d - 17*d - 312. Suppose p = 4*t - d. What is the tens digit of t?
1
Suppose 2*h + 1 = -3*d + 6, 0 = -2*d + h + 8. Suppose r - 60 = -d*r. What is the tens digit of r?
1
Let r be 2/6 - (-48)/(-9). Let h = r - -6. What is the units digit of (1/2)/(h/4)?
2
What is the units digit of ((-10)/4)/(6/(-12))?
5
What is the units digit of 6/(-21) - (-3 + 1940/(-28))?
2
Let w = -33 - -63. What is the units digit of w?
0
Let o be 3/6 + (-13)/2. What is the tens digit of (-124)/o + 10/(-15)?
2
Let w(s) = -s**2 - 2*s + 4. Suppose -51 = -4*q - 4*p - 19, p = -5*q + 32. Suppose -z - z - q = 0. What is the units digit of w(z)?
1
Let t be 6/(-24) + 1/4. Let u(o) = -o**3 - o**2 + o + 6. What is the units digit of u(t)?
6
Let k(y) = -4*y - 1. Let z be k(2). Let i = -2 - z. What is the units digit of i?
7
Let d(k) = -2*k - 4. Let c be d(-3). Suppose -c = -g + 16. What is the tens digit of g?
1
Let r = 224 - 133. What is the tens digit of r?
9
Suppose 7*g - 9*g + 8 = 0. Suppose g*i - 154 = 5*x, -1 = -3*i - 2*x + 103. What is the units digit of i?
6
Let v = 56 + 9. Suppose -77 = -2*z + 3*k - 2*k, -v = -2*z + 5*k. What is the tens digit of z?
4
Suppose -299 - 649 = -4*f. What is the tens digit of f?
3
Suppose g = -3, 0 = -3*q - 4*g + 20 + 31. What is the units digit of (-2 + q/9)*12?
4
Suppose 2*x + 11 + 3 = -4*j, -3*x = -5*j - 34. What is the tens digit of 3 + -4 + x - -13?
1
Let i be (0 + 0)/((-4)/(-4)). What is the units digit of 3 - (i - -3 - 1)?
1
Suppose 5*w - 4*w + h = -54, -2*w - h - 110 = 0. Let d = w - -84. What is the units digit of d?
8
Let m = 3 - -118. What is the hundreds digit of m?
1
Let m(d) = -d**2 + 13*d - 15. Let t(f) = -3*f - 15. Let s(b) = -b - 1. Let z(g) = 4*s(g) - t(g). Let r be z(0). What is the units digit of m(r)?
7
Let z(a) = a**2 - 5*a + 12. What is the tens digit of z(11)?
7
Let n(z) = 3*z**3 - z + 1. What is the units digit of n(1)?
3
Suppose -6*x + 3*x = -156. What is the tens digit of x?
5
Let s = -3 - -1. What is the units digit of (s + -1 - 3)/(-1)?
6
Let k = 35 - 28. What is the units digit of k?
7
Let b = 13 - -11. What is the tens digit of b?
2
Let w = 2 - 3. Let n be -3 + 1*(5 + w). Suppose -a = -3 - n. What is the units digit of a?
4
Let z(l) = -l**2 + 10*l - 9. What is the units digit of z(6)?
5
Suppose 3*l + 3*n = 21, 0 = -l + 6*n - n - 23. What is the units digit of (l/(-6))/(11/(-1287))?
9
Let p be 2/4*(-16)/(-4). Suppose -1 + 51 = p*q + 4*m, -3*q - 4*m + 65 = 0. What is the units digit of q?
5
Let m = 29 + -3. What is the units digit of m?
6
What is the units digit of ((-98)/(-4))/(11/22)?
9
Let j(r) = 3*r**2 + 3*r - 8. Let s(i) = -i**2 - 2*i + 4. Let z(q) = -q - 5. Let v be z(-7). Let y(t) = v*j(t) + 5*s(t). What is the units digit of y(3)?
1
Let v(g) = 2 + 32*g**2 - 18*g**2 - 8*g - 15*g**2. Let n = -12 + 8. What is the units digit of v(n)?
8
Let i(l) = -4*l + 2. What is the units digit of i(-2)?
0
Let m be (-2)/8*-2*0. Let k = m - 1. What is the units digit of (-4)/((-3)/((-3)/k))?
4
Let h(d) = d**3 + 14*d**2 + 20*d + 7. What is the hundreds digit of h(-8)?
2
Let t(r) = 2*r**2 - 4*r - 4. Let g be t(4). What is the tens digit of 3/g - (-117)/12?
1
Let d(r) = -r**2 + 12*r + 12. Let z be d(11). Suppose -59 = -2*b - z. What is the tens digit of b?
1
Let v be 10/(-30) + 38/6. Let i = v + -5. What is the units digit of i?
1
Suppose -4*c - 9 = 3. Let g(t) = -4*t + 2*t**2 - 2*t**3 - 2 + 2*t**3 + t**3. What is the units digit of g(c)?
1
Let q = 13 + -9. Suppose -2 = -q*y + j, 5*j + 0 - 9 = y. What is the units digit of y?
1
Let x(c) = c**2 + c + 3. Let a = 2 - 15. Let i(g) = 2*g**2 + g + 7. Let y(p) = a*x(p) + 6*i(p). What is the units digit of y(-6)?
9
Let n be 0*2/8*-2. Suppose n*h + 45 = 3*h. What is the units digit of h?
5
Suppose -5*m - u + 65 = 0, -5*u = 4*m - 5*m + 39. What is the units digit of m/3 + (-4)/6?
4
Let c(b) = 7*b**2 + b + 1. Let z be c(-1). Suppose 16 = z*x - 3*x. What is the units digit of ((-3)/x)/(2/(-24))?
9
Let v = -105 + 280. What is the units digit of v?
5
Suppose 4 = -5*i - 41. Let g = i - -13. Suppose -o = g*o - 20. What is the units digit of o?
4
Suppose -6 = m - 2*m. Suppose -3*c + m*c - 33 = 0. What is the units digit of c?
1
What is the tens digit of (-4)/8*(-119 + -3)?
6
Let c(y) = 3*y - 11. What is the units digit of c(5)?
4
Let o(z) be the first derivative of -3/2*z**2 + 1/4*z**4 - 4/3*z**3 - 7*z + 1. 